te number?
True
Is 1261133007 composite?
True
Is 706745321 composite?
False
Is 34410959473 composite?
True
Is 50818186907 prime?
False
Is 38106701669 composite?
True
Is 2062483771 composite?
False
Is 25730962321 a prime number?
False
Is 1531342021 composite?
True
Is 217569181 a composite number?
False
Is 156216097 a prime number?
False
Is 37520034485 a prime number?
False
Is 3673133731 a prime number?
False
Is 30827457721 prime?
False
Is 610944661 a prime number?
False
Is 1305473591 prime?
True
Is 193986361 a composite number?
False
Is 1085745235 composite?
True
Is 13638217 a composite number?
True
Is 1590556813 a composite number?
False
Is 469042621 composite?
False
Is 2430941693 a prime number?
False
Is 32381969953 a composite number?
False
Is 597531343 a prime number?
True
Is 1590677377 prime?
True
Is 26723551667 a composite number?
False
Is 3039485991 a prime number?
False
Is 15232629207 a composite number?
True
Is 566689247 a prime number?
True
Is 1002368947 a composite number?
False
Is 8296643921 a prime number?
True
Is 8601318763 prime?
False
Is 32459874023 prime?
True
Is 29978441 a composite number?
False
Is 1286529 a composite number?
True
Is 148691161 prime?
True
Is 8512555217 a composite number?
False
Is 3860582413 a composite number?
False
Is 497954380613 prime?
True
Is 826961143 a prime number?
True
Is 40661759 a composite number?
True
Is 18065159227 prime?
False
Is 33335128811 composite?
True
Is 2860739443 a prime number?
True
Is 3471587183 composite?
False
Is 9908954053 prime?
False
Is 221980840927 composite?
False
Is 8712504429 composite?
True
Is 24379389499 a composite number?
False
Is 9495413269 a composite number?
False
Is 996811759 a composite number?
True
Is 2852772149 prime?
True
Is 1050158989 composite?
True
Is 8133061031 a composite number?
False
Is 4079707013 prime?
False
Is 494803303 a prime number?
False
Is 31474471277 a composite number?
False
Is 1771512749 composite?
True
Is 5474910121 a composite number?
False
Is 9300689473 composite?
False
Is 13419552337 composite?
True
Is 50740301837 a composite number?
True
Is 357432521 a composite number?
True
Is 164510483 a composite number?
True
Is 183253802479 composite?
True
Is 6412683301 a composite number?
False
Is 6061676473 a composite number?
True
Is 4779945453 prime?
False
Is 4342940779 composite?
False
Is 29678766079 prime?
False
Is 146540987 prime?
True
Is 9993976829 composite?
False
Is 414812633 prime?
False
Is 1287070033 composite?
False
Is 1795580771 a composite number?
True
Is 4520708131 composite?
False
Is 9127141619 prime?
True
Is 2396582323 a prime number?
True
Is 194458196567 prime?
False
Is 213786359 prime?
True
Is 150888327 prime?
False
Is 3597774434 composite?
True
Is 2636710607 a composite number?
False
Is 96893000027 a composite number?
True
Is 23241903 composite?
True
Is 144556537 composite?
True
Is 3499192153 a composite number?
False
Is 2109020027 composite?
False
Is 84025522286 a prime number?
False
Is 6206345179 prime?
True
Is 11573081 composite?
True
Is 56284162861 a composite number?
True
Is 2426092391 prime?
True
Is 55350045773 composite?
True
Is 147076789 a composite number?
True
Is 2958571801 a composite number?
False
Is 2169964339 a composite number?
False
Is 10159883977 a prime number?
False
Is 5911057963 a composite number?
False
Is 1072135021 a composite number?
True
Is 780104251 a composite number?
True
Is 3815645921 a composite number?
True
Is 2517995423 prime?
True
Is 199443144607 a prime number?
False
Is 19693912417 composite?
False
Is 100083773971 a composite number?
True
Is 341583742 composite?
True
Is 22350153389 a prime number?
True
Is 4528264751 a prime number?
True
Is 12688668431 a prime number?
True
Is 14268090071 a prime number?
False
Is 4951493247 a composite number?
True
Is 1031170219 a prime number?
False
Is 144546019 composite?
True
Is 15864761563 a prime number?
False
Is 1791436019 a composite number?
False
Is 7939830341 prime?
False
Is 200346323 composite?
True
Is 10170356633 prime?
True
Is 176486161 composite?
True
Is 7653121477 a prime number?
False
Is 1297463593 prime?
True
Is 5472183163 prime?
False
Is 12676282387 a composite number?
False
Is 159701606 a composite number?
True
Is 8869198991 a composite number?
False
Is 7032693439 a prime number?
False
Is 4416187187 a prime number?
False
Is 192721951 prime?
True
Is 1609224109 a prime number?
True
Is 66243424433 a composite number?
False
Is 111661787 a prime number?
True
Is 810404713 a composite number?
True
Is 33507386039 prime?
True
Is 2030220901 composite?
False
Is 2041092257 prime?
True
Is 34316808437 prime?
True
Is 771542731 prime?
True
Is 208475989 composite?
True
Is 95436901 prime?
False
Is 36802227877 composite?
False
Is 7718742323 a composite number?
False
Is 118448329391 composite?
True
Is 1176047309 composite?
False
Is 1482605849 a prime number?
True
Is 93738776557 a prime number?
False
Is 13151055119 a composite number?
True
Is 185891309 composite?
True
Is 1057604827 a prime number?
True
Is 21974749 a prime number?
False
Is 9179126171 a prime number?
True
Is 15429237953 a prime number?
False
Is 1550293795 composite?
True
Is 6388248767 prime?
True
Is 771569627 a prime number?
True
Is 13286083309 a composite number?
False
Is 12887035949 prime?
False
Is 538430357 a composite number?
False
Is 4127118077 composite?
False
Is 20644244549 a prime number?
True
Is 2185649527 a composite number?
False
Is 2641366951 a composite number?
True
Is 6817651747 composite?
True
Is 2638019381 composite?
False
Is 31634827369 a composite number?
True
Is 25992580589 prime?
True
Is 28476796189 prime?
True
Is 7391242931 composite?
False
Is 9595543049 composite?
False
Is 3274215739 prime?
False
Is 361990973 a composite number?
False
Is 2988831683 a composite number?
False
Is 248062627 a composite number?
True
Is 882264041 a prime number?
False
Is 24435418069 composite?
True
Is 1805714623 a composite number?
True
Is 6629021137 prime?
False
Is 157303733 prime?
True
Is 79974785543 prime?
True
Is 365588009779 a composite number?
False
Is 14219651861 a prime number?
True
Is 121753420769 a composite number?
False
Is 3681404761 composite?
False
Is 10332661 composite?
True
Is 592351079 a composite number?
False
Is 331555177 prime?
True
Is 944226709 prime?
True
Is 3272094079 a composite number?
False
Is 373918781 prime?
False
Is 294623359 a prime number?
False
Is 20745818059 a composite number?
True
Is 18308742409 prime?
True
Is 136335905977 a composite number?
False
Is 4138645895 a composite number?
True
Is 11434599413 a composite number?
True
Is 1057282027 a prime number?
True
Is 44928509 composite?
False
Is 433798039343 a prime number?
True
Is 8857149937 composite?
True
Is 21133794661 a composite number?
True
Is 292566697 prime?
True
Is 11360050697 composite?
False
Is 5305388969 a prime number?
True
Is 27603144523 a composite number?
False
Is 718668151 a composite number?
False
Is 5305352483 prime?
False
Is 141400793987 a composite number?
False
Is 17104916285 a prime number?
False
Is 60959651 composite?
False
Is 29486538281 a prime number?
True
Is 415872749 a prime number?
True
Is 72737023559 a composite number?
True
Is 589200323 prime?
True
Is 1040587861 composite?
False
Is 30933303329 composite?
True
Is 290583287 a prime number?
True
Is 10358713699 a prime number?
True
Is 2973936983 a prime number?
True
Is 2573786809 a composite number?
True
Is 10754672177 a prime number?
True
Is 5205472651 a composite number?
True
Is 183966703 composite?
False
Is 62470943947 composite?
False
Is 28789926637 a composite number?
False
Is 193075759 composite?
False
Is 102726344503 a composite number?
False
Is 47166508877 a prime number?
False
Is 9842501561 composite?
False
Is 26516391151 prime?
False
Is 1043681777 prime?
False
Is 511288837 a composite number?
True
Is 21044548003 prime?
True
Is 1220069693 prime?
False
Is 114844852567 a composite number?
True
Is 7192039651 a composite number?
False
Is 205785023 a prime number?
False
Is 225218354 a prime number?
False
Is 3174691727 prime?
True
Is 14535658583 composite?
False
Is 9591887521 a composite number?
True
Is 4980161 composite?
False
Is 2739830299 a prime number?
False
Is 97834987 a prime number?
False
Is 8244277367 a prime number?
True
Is 6368258